*h + 2*v = 10. What is i(h)?
9
Let c(x) = x - 10. Let b(t) = -328*t + 684. Let s be b(2). Calculate c(s).
18
Suppose 3*r = -5*t + 82, 10 - 40 = -2*t - 4*r. Suppose 6*c - 25 = t. Suppose c = 7*x - 14*x. Let m(l) = -6*l**3 - 2*l**2 + 1. Give m(x).
5
Let h(g) = g**2 - 11*g + 6. Suppose -i - a + 8 = -5*a, -i - 3*a + 15 = 0. Calculate h(i).
18
Let s(u) = -15 + 45 + 5*u - 31*u + 66*u - 39*u - 23. Suppose 2*v - v - 2*i = 12, 5*v - 4*i = 30. Let l = v + 5. Determine s(l).
14
Let f(x) = -22 + 94 - 27 - 107*x - 44. Determine f(0).
1
Let z(v) be the third derivative of -v**6/120 - 7*v**5/60 + v**4/8 + 17*v**3/6 - 213*v**2 - 2*v - 19. Let m be (-6)/(-2)*7/(-3). What is z(m)?
-4
Let d = 25024 + -25031. Let y(k) = k**3 + 11*k**2 + 19*k + 13. What is y(d)?
76
Let g = -6306 - -6302. Let h(z) = -2*z**3 - 6*z**2 - z + 2. Calculate h(g).
38
Let w(n) be the first derivative of n**2/2 + 26*n + 3392. Give w(-16).
10
Let n(v) = 5*v - 4*v - 3 - 2*v. Let a = -424 + 430. Let o be (9 - a) + -7 + 4. Determine n(o).
-3
Let t(q) = 2*q**2 - 3*q + 340. Let g(r) = r**2 - r + 188. Let p(n) = -11*g(n) + 6*t(n). Calculate p(8).
-20
Let a(f) = -f**2 + 8*f. Let w be (76 + 11)*(-2)/(-6). Suppose -5*r - 10 = 4*s, -3*s = -2*r + 2*s + w. Suppose -3*m + r*c + 20 = c, 0 = m + 3*c. Calculate a(m).
12
Let l be 27/(-9)*15/18*-4. Let f(i) = i**2 + 16*i - 18. Let t(b) = -b**2 - b + 2. Let y(p) = f(p) + 2*t(p). Determine y(l).
26
Let o(j) = -113*j - 337. Let y = -20484 - -20481. Give o(y).
2
Let c(i) = i**3 + 10*i**2 + 10*i + 6. Suppose 2*u - 48*n + 51*n - 48 = 0, 4*n - 100 = -4*u. Suppose u = 22*x + 225. What is c(x)?
-3
Let h(u) = 11*u**3 + 11*u**2 - 8*u - 42. Let t(b) = 2*b**3 + b**2 + b - 1. Let z(c) = -h(c) + 5*t(c). Let q be z(-7). Let k(p) = -p**2 - 6*p. Determine k(q).
5
Let p = 91 + -55. Suppose 38 = 2*u - p. Suppose 0 = -u*s + 33*s - 24. Let x(d) = -d - 2. Calculate x(s).
4
Let a(g) = -81*g**2 + 1. Let t(n) = -n**3 - 5*n**2 - 14*n - 71. Let d be t(-5). What is a(d)?
-80
Let v(n) = 9*n + 4. Let q(i) = 3*i**2 - 2*i - 2. Let u be q(-1). Let p(h) = -2*h + 11 - 3 - u - 6. Let o(r) = 5*p(r) + v(r). Determine o(-1).
0
Let r(b) = -681*b + 10*b**2 - 9*b**2 + 12 + 358*b + 344*b. Determine r(-21).
12
Let j(m) = -2*m**2 - 14*m + 19. Let g be j(-8). Let z be (-10*g/(-24))/(1/4). Let a(u) = u - 3. What is a(z)?
2
Let f = -155 + 88. Let w = f - -64. Let j be 961/(-217) - w/7. Let c(k) = k**2 + 2*k + 5. Determine c(j).
13
Let o(t) = 13*t + 112. Suppose 0 = 15*y - 41*y - 112 - 122. What is o(y)?
-5
Let l(w) = 2*w**2 + 3*w - 6. Suppose -10*r - 3262 = -4*c - 12*r, -2*c = -3*r - 1635. Let g = c - 812. What is l(g)?
38
Suppose -2*j - 3*j = -c - 24, -5*c + j = 72. Let b(a) = 15*a + 216. What is b(c)?
6
Let t(p) = p**3 + 6*p**2 + 2*p + 9. Let v be t(-6). Let i(z) = 2 - 619*z - 648*z - 635*z + 1900*z. Give i(v).
8
Let d(v) = 5*v**3 + v - 1. Let t be 48/(-3)*(0 - -1). Let g be (t/4)/4 + 4/2. Calculate d(g).
5
Suppose 7*m - 508 + 32 = 0. Let d = m + 21. Let v = d + -88. Let t(p) = 3*p**2. What is t(v)?
3
Let v(g) = g**3 + 4*g**2 - 23*g - 12. Let o be v(-7). Let y(n) = n + 0*n**o + 25 - n**3 - n**2 - 27. Give y(-2).
0
Let d(f) = 10*f + 9. Let c = 7548 + -7543. Give d(c).
59
Let v = 19501 + -19482. Let o(c) = c**3 - 19*c**2 + 3*c + 12. Give o(v).
69
Let a(m) be the third derivative of 5*m**4/24 - 29*m**3/3 - 22*m**2 + m. Give a(10).
-8
Let w(i) be the third derivative of -i**6/120 - 2*i**5/15 + 17*i**4/24 - 17*i**3/6 - 2479*i**2. Calculate w(-10).
13
Let z(o) = -7*o. Let i(c) = c**2 + 20*c - 1751. Let x be i(-53). Give z(x).
14
Suppose -12 + 4 = 4*v. Let r be (-4 - -5) + v/2. Let l(c) = -c**2 - 25*c - 8. Let o(g) = 3*g + 1. Let w(z) = -l(z) - 8*o(z). What is w(r)?
0
Let i(x) = -x**2 + 9*x - 5. Let t = 24 + -23. Suppose b + 3*z + 0 = t, 0 = -z. Let w be 9*(b/9)/((-4)/(-24)). Calculate i(w).
13
Let t(z) = -z**3 - 15*z**2 - 9*z + 4. Let l(g) = g**3 + 14*g**2 + 9*g - 3. Let x(n) = -6*l(n) - 5*t(n). Let d(f) = -3*f - 2. Let p be d(2). What is x(p)?
6
Let t(w) = -w**3 - 3*w**2 + 6*w + 4. Let j = -786 + 465. Let u = 316 + j. Give t(u).
24
Let s(o) = -5*o**3 - 2*o**2 + 2*o - 1. Suppose 16*r - 28 = 30*r. Let m(t) = 20*t**3 + 8*t**2 - 8*t + 4. Let x(k) = r*m(k) - 9*s(k). What is x(1)?
6
Let y(q) = -4*q - 1. Let m = -109 - -113. Suppose 1 - 9 = -m*h. What is y(h)?
-9
Suppose 35*g = -21 - 119. Let r(c) = 3*c**3 + 12*c**2 - 7. Calculate r(g).
-7
Let a = -1408 + 1416. Let t(y) = -y**3 + 8*y**2 - 3*y + 29. Determine t(a).
5
Let l = -346 + 348. Let s(o) = -o**2 + 4*o**2 - 3*o - 787 + 793 - 2*o**l. What is s(6)?
24
Suppose 3*a - 39 = -33. Suppose 0 = -2*d - u + 55, 2*u - 29 = -a*d + d. Suppose -6*n + 3 + d = 0. Let r(y) = -y - 1. Determine r(n).
-6
Let o(x) = 3*x**2 + 6*x + 1. Suppose 3*n - 8 = -5*j, 17 = -4*j - 3. Let m(h) = -8*h**2 - 18*h - 1. Let y(t) = n*o(t) + 4*m(t). Determine y(7).
14
Let q(a) = -2*a**3 + 2*a - 1. Let w = 21 + -20. Suppose -5*u - d + 25 = 0, 3*d - 6 = 2*u + w. Suppose -u*n - 5 = -9. Determine q(n).
-1
Let z(m) = -m**3 - 7*m**2 + 15*m + 6. Suppose 0 = 7*u + 97 - 34. Let t be z(u). Let l(v) = 2 - t*v - 34*v + 64*v. What is l(-5)?
17
Let m(q) = q + 6. Let s be (-327)/(-1308) - (-322)/(-16)*2. Let y(c) = -c**2 + 3*c + 1. Let f be y(4). Let t be s/20 + -1 + f. What is m(t)?
0
Suppose -5*d + 0*d + 45 = -5*s, 3*d - 5*s = 35. Let w be (3/d)/((-8)/(-40)). Let u(y) = -2*y + 0 + w*y - 1 + 5. What is u(3)?
7
Suppose 173*z = 175*z. Let s(m) be the second derivative of 5/2*m**2 + 13*m + z - m**3. Give s(4).
-19
Let j = 537 - 244. Let r(x) = 293 + x**2 - j - x. Calculate r(0).
0
Let x(d) = -d**3 - 8*d**2 + 2*d + 9. Let q = 32 - 29. Let f be (-6)/(-1)*q/(-6). Let k be f/(-2)*48/(-9). Determine x(k).
-7
Let v(b) be the third derivative of b**6/120 - b**4/6 + b**3/2 - 9*b**2. Let x be v(2). Let u(z) = 5*z**2 - 2*z**3 - 5 + z**x + 12*z - 11*z. Give u(5).
0
Let b(s) be the third derivative of s**7/1260 - s**6/144 - s**5/40 - 19*s**4/12 + 7*s**2. Let l(t) be the second derivative of b(t). What is l(4)?
9
Suppose -2760*k + 2743*k = 0. Let a(r) be the second derivative of r**5/20 - r**3/6 + 2*r**2 + 4*r. What is a(k)?
4
Let x(g) = 29 - 33 + g + 3. Let u = 986 + -985. What is x(u)?
0
Let z(v) be the second derivative of v**5/60 + 13*v**4/24 + 4*v**3/3 + 33*v**2 + 2*v. Let a(n) be the first derivative of z(n). What is a(-12)?
-4
Let f(l) = 23*l**2 - l - 5. Let m(g) = -20*g**2 + 3. Let v(o) = 7*f(o) + 8*m(o). Let t(p) = 8*p**3 - p**2 + 2*p - 1. Let y be t(1). What is v(y)?
-3
Let g(h) = -258*h + 3. Let z be g(0). Let d(j) = -j - 1. Let p(m) = m**3 - 3*m**2 + 4*m + 1. Let l(x) = -2*d(x) - p(x). What is l(z)?
-5
Let u be 4 + (-4 - -7) + -4. Let o(f) = f**3 - f**2 - 7. Determine o(u).
11
Let l(r) = r**2 + 13*r + 18. Let d(f) = 7*f**2 - 7*f - 217. Let u be d(6). Determine l(u).
-24
Let s(a) = 318*a - 977*a + 346*a + a**2 - 15 + 311*a. Determine s(4).
-7
Let x(y) = -13*y + 14. Let u(k) = 10*k - 14. Let c(n) = -4*u(n) - 3*x(n). What is c(7)?
7
Let u(v) = -v. Let c = -18 - -145. Suppose 4*j - 155 = -c. Calculate u(j).
-7
Suppose -3*q - q = 2*u + 4, 4*u + 8 = 0. Let x(k) = 0*k - 6*k + q*k**2 + k**2 + 0*k**2 - 1. Determine x(6).
-1
Let v be (-3)/(-6)*9*2/3. Suppose -m - 3 = -v*j + j, 0 = 3*m - j - 11. Let s(h) = -176*h - m + 178*h + 2 + h**2. Calculate s(-3).
0
Let j(g) = 4 - 4 + 5*g + 3. Let l(t) = -t**2 + 6*t + 4. Let v(y) = -3*j(y) + 2*l(y). Suppose 0 = 5*q + 5*m - 5, 2*q + 4 - 2 = -m. Determine v(q).
-10
Let q(u) be the third derivative of -u**6/60 - 4*u**5/15 - 17*u**4/24 - 3*u**3/2 - 2626*u**2. Calculate q(-7).
12
Let i(h) = h**3 - 13*h**2 - 12*h - 29. Suppose 4108 - 580 = 141*y + 111*y. What is i(y)?
-1
Let n(l) be the first derivative of -l**3/3 + l**2 - 3*l + 3. Suppose -z + 4*r - 2 + 6 = 0, -z + r = -4. Suppose f = 3*y + 6*f - 11, z*y - 11 = -3*f. Give n(y).
-3
Let o = 11651 + -11648. Let r(k) = -203*k + 612. What is r(o)?
3
Suppose 0 = 20*i - 16 - 24. Let m(r) = 8*r**2 - 15*r**i + 11*r + 3*r - 3*r + 11 + 8*r**2. Give m(-9).
-7
Let d(b) be the first derivative of -b**2 - 6*b + 765. Determine d(4).
-14
Suppose 3*r + 23 + 10 = 5*o, 24 = -4*r. Let s(z) = -z**3 + 5*z**2 + 6*z - 2. Calculate s(o).
34
Suppose -10*u + 30 = -0. Suppose 2*c + 6*f = 9*f + 18, u*c - 5*f - 25 = 0. Let x(z) = -z**2 + 16*z - 14. Give x(c).
1
Let p(i) = 